. Suppose 0 = -10*w + 5*w. Suppose w*c = -c + o. List the prime factors of c.
2, 3
Let f be 2/8 - (-13)/(-4). Let n = f + 5. List the prime factors of n.
2
Let q(u) = 4*u**2 - 8*u + 7*u + 0*u**2. Let c(r) = -r**3 + 5*r**2 + 1. Let t be c(5). List the prime factors of q(t).
3
Let h(j) = 12*j**3 - j**2 - j. Let l be h(-1). Let z = -2 - l. List the prime factors of z.
2, 5
Suppose 2*g + 132 = 4*g - 2*s, -s = -3*g + 196. What are the prime factors of g?
5, 13
Suppose 55 = 2*o + 3*o + 5*a, -4*o + 2*a + 38 = 0. Suppose -3*j + 52 - o = 0. List the prime factors of j.
2, 7
Suppose 2*g + 8 = 0, -4*c - c = -2*g - 168. Let l = c - 9. List the prime factors of l.
23
Suppose -38 = -d + 3*n, -4 = 5*n - 19. What are the prime factors of d?
47
Suppose 3*k = -2*k - 5*i - 15, -k + 3*i = -9. Suppose -4*h - 2*l + 3*l + 157 = k, 0 = -5*l + 15. Suppose -3*x = x - h. List the prime factors of x.
2, 5
Suppose 3*o - 7 = 2. Suppose 5*m = -o*l + 77, 2*l + 0*l - 46 = -2*m. List the prime factors of l.
19
Suppose 2*y + 8 = -2*y, -t - 9 = 4*y. Let p = 14 + t. List the prime factors of p.
13
Let r(c) = -5*c. List the prime factors of r(-3).
3, 5
Let k = 14 + -14. Suppose k*m - 3*g + 33 = m, -5*g - 85 = -5*m. List the prime factors of m.
3, 7
Suppose 5*k - 6 = 4. What are the prime factors of 444/18 + k/(-3)?
2, 3
Suppose -4 = -3*n + 11, 0 = -5*p + 2*n + 100. What are the prime factors of p?
2, 11
Let r = 57 - 6. What are the prime factors of r?
3, 17
List the prime factors of 21 - ((0 - 3) + 3).
3, 7
List the prime factors of 6/(-4)*(-168)/18.
2, 7
List the prime factors of ((-4128)/20)/(-4) - 4/(-10).
2, 13
Suppose -3*v + 4*l + 655 = 2*v, 3*l = 0. List the prime factors of v.
131
Suppose 0*v + 5*f + 45 = 2*v, f = -4*v + 57. Suppose -v = -2*k - k. What are the prime factors of (-30)/9*(-12)/k?
2
Let o(m) = m - 1. Let z be o(12). Suppose -z = -l + 9. What are the prime factors of l?
2, 5
List the prime factors of (-2)/(-14) - (-8388)/84 - -2.
2, 3, 17
Let l = -2 + 5. Let n = 4 + l. What are the prime factors of n?
7
Suppose 69*z - 65*z = 768. What are the prime factors of z?
2, 3
Let h(t) = -4*t + 6*t - 3*t + 7*t**2 + 2 + 4*t**2. List the prime factors of h(-2).
2, 3
Let j be 32/12 - 4/6. Let d = j - 0. Suppose d*h - 21 = h. List the prime factors of h.
3, 7
Let p = 172 - 77. List the prime factors of p.
5, 19
Let n(b) = 2*b + 11. Let a be n(10). Suppose 5*f = 39 + a. Let i = 24 - f. List the prime factors of i.
2, 5
Let f be 8*1 + (-2)/1. Let k = f - 17. Let s = 0 - k. What are the prime factors of s?
11
Let v = -12 + 33. Let a be 53/5 - 6/(-15). Suppose -2*g + a = -v. What are the prime factors of g?
2
Let z(w) = -w**2 + 2. Suppose j + o - 7 = 0, 20 - 5 = j + 3*o. Suppose -5*u = l - 4*l + 12, 12 = -3*u + j*l. List the prime factors of z(u).
2
Suppose -3*u - 2 = -2*u. Let l be (-1 - (u + 2)) + 17. Suppose r + r = l. What are the prime factors of r?
2
Let z(y) = y**3 + 9*y**2 + 8*y + 11. What are the prime factors of z(-8)?
11
Let f = 10 - 5. Suppose g + 0*g - 4*z = 49, -4*g = 4*z - 156. Suppose -g = -f*a - 2*t, -2*t + 26 = 4*a - 6. List the prime factors of a.
3
Let m(q) = 2*q + 7. Let o be m(-6). Suppose -5*a - 6 = v - 0*v, 10 = 3*v + a. Let g = v - o. List the prime factors of g.
3
Let l = -21 - -29. Let u = 9 - l. List the prime factors of (-6)/(1*(u - 3)).
3
Let j(a) = a**2 - a - 1. Let s be j(4). Suppose s = 3*n - 4. What are the prime factors of 159/15 - (-2)/n?
11
Suppose -15*y + 1561 = -1799. What are the prime factors of y?
2, 7
Suppose -j = -3*g - 81, -4*g + 6*g = j - 80. List the prime factors of j.
2, 3, 13
Let f = 8 - 5. Let h = 9 - f. What are the prime factors of h?
2, 3
Suppose 0 = -4*j - 2*b + 30, -2*j + 3*b = -j + 10. Suppose j*a = 136 - 31. List the prime factors of a.
3, 7
Suppose 0 = -5*g - 68 + 8. Let r = 18 + g. What are the prime factors of r?
2, 3
Let p = -2 - -173. List the prime factors of p.
3, 19
Let o be (-39 + 6)*1/(-3). Let r = o - 5. What are the prime factors of r?
2, 3
Suppose 3*n + 0*n - 79 = -5*z, -3*z = -n + 17. What are the prime factors of n?
23
Let s(a) = 2*a**3 + 1. What are the prime factors of s(1)?
3
Suppose 4*n - 22 = 114. Let j = n - 10. List the prime factors of j.
2, 3
Let p(k) = k**3 - 7*k**2 - 9*k - 19. What are the prime factors of p(9)?
2, 31
Let o be (-2)/15 - (-178)/(-15). Let u be (2 + 0)/((-2)/(-2)). List the prime factors of -2 - (o + -3 + u).
11
Suppose 4*y = y + 3. Let v be (-4 + 0)/((-2)/5). Let s = y + v. List the prime factors of s.
11
Let p = -4 + 9. Suppose -p*z + 15 = a - 0*a, -14 = -4*a + 3*z. Let t = 16 - a. List the prime factors of t.
11
Suppose 4*k + k = 5*x - 50, -5*k = -x + 30. Suppose 2*c + 148 = x*t - 56, 4*t - 4*c - 156 = 0. What are the prime factors of t?
2, 3, 7
List the prime factors of (-28)/(-70) + 973/5.
3, 5, 13
Let m(o) = 9*o - 43. What are the prime factors of m(15)?
2, 23
Let n be (3 - 8)*(1 - -15). Let m be n/(-4) + (-2)/(-2). What are the prime factors of 37/7 + (-6)/m?
5
Let f(c) = -7*c - 1. Let d be f(-2). Suppose -3*t + 5*y + d + 16 = 0, -31 = -5*t + 4*y. What are the prime factors of t?
3
Let y(f) = f**3 - 6*f**2 + 16*f - 3. List the prime factors of y(7).
2, 79
Suppose 3*k - 18 = 2*k. List the prime factors of k.
2, 3
Let c(m) = -4*m + 14. What are the prime factors of c(-17)?
2, 41
Let p(v) = 2*v + 27. List the prime factors of p(0).
3
Suppose -4*h - 25 = -o, 3*o + 20 - 175 = -4*h. List the prime factors of o.
3, 5
Let z be (-20)/28 - (-2)/(-7). Let c = 5 - z. What are the prime factors of c?
2, 3
Let i(q) = q**3 - 7*q**2 - 7*q + 2. Let b be i(8). Suppose 2*u + b = 0, 0*u + 57 = 4*d - u. What are the prime factors of d?
13
Suppose 5*d = -0*d - 205. Let m = 59 + d. Suppose 0 = -v + 4, -2*q - v + 0*v + m = 0. List the prime factors of q.
7
Let k = -7 - -24. What are the prime factors of ((-9)/3 - -4)*k?
17
List the prime factors of -3*14/(-6)*(0 + 1).
7
Suppose 109 + 80 = 3*m. List the prime factors of m.
3, 7
Let v be 4/6 - (-3)/9. Suppose 5*r = 4*r - v. What are the prime factors of 21/6 - r/2?
2
Let o(x) = -5*x - x**3 + 4*x + 5*x**2 - 4*x**2. Let d(u) = 6*u**3 - 4*u**2 + 6*u - 7. Let j(b) = -d(b) - 5*o(b). What are the prime factors of j(0)?
7
Let u(w) = 2*w**3 - 6*w. Let r(x) = -x**3 + x**2 + 5*x. Let a(m) = -3*r(m) - 2*u(m). What are the prime factors of a(-3)?
3
Let u be 3 + (-2 - -7)*4. Let o = u + -12. What are the prime factors of o?
11
Let s(t) = t - 2. Let n be s(4). Suppose -4*y + 4 = n*v - 0, -6 = -3*v - y. Suppose 7*x - v*x = 35. List the prime factors of x.
7
Let x(f) = 3*f**3 + f**2. Let c be x(1). Suppose -4*j + d + 16 = 0, -5*d + 11 - 43 = -c*j. What are the prime factors of j?
3
Suppose 4*s + 64 = 3*r, 4*r = 4*s + 49 + 39. Suppose -f + 3*x = -4*f + r, 3*x = 4*f - 11. What are the prime factors of f?
5
Let q = 2 + -2. Let a = 4 - q. What are the prime factors of a?
2
Let x be -1*(-2)/4*-6. Let i be x/(6/2) - 0. List the prime factors of 8 - (i + (0 - 1)).
2, 5
Let t = 235 - 41. List the prime factors of t.
2, 97
Let p(v) = v**3 + 3*v**2 - 4*v + 3. Let b be p(-4). Let k = b + 0. What are the prime factors of k?
3
Let j(p) be the third derivative of p**4/8 - 2*p**3 - 3*p**2. List the prime factors of j(10).
2, 3
Let q(j) = 5*j**3 - 2*j**2 + 2*j - 1. Let v be q(1). Suppose -5*m + v*a = -62, -2*a = -2*m - 2*m + 52. What are the prime factors of m?
2, 7
Suppose 129 = 3*q + 3*f, -4*q + 3*f = 2*f - 147. List the prime factors of q.
2, 19
Let c be (-4)/((-16)/(-5))*-4. Suppose 0 = -c*g - 0 + 100. List the prime factors of g.
2, 5
Let h be 2/7 - (-12)/7. Let g(u) = u**3 - 3*u**2 + u + 2. Let d be g(h). Suppose 0 = 2*f - d*f - 34. List the prime factors of f.
17
Let h(t) be the second derivative of t**4/12 - t**3/2 - t**2 - 3*t. Let p be h(6). Let g = p - 8. What are the prime factors of g?
2
Suppose 0 = -3*u + 8 + 1. Suppose 0*g + 9 = h - 3*g, 9 = h + u*g. What are the prime factors of h?
3
Suppose 4*i + 64 = -4*o, 0 = 2*o - 3*o - 2*i - 15. Let a be (12/5)/(2/(-10)). Let p = a - o. What are the prime factors of p?
5
Let l = -105 - -59. Let i = -33 - l. What are the prime factors of i?
13
Suppose 2*v = 7*v - 20. Suppose -2*c = -v - 10. Suppose -2*s - 20 = -c*s. What are the prime factors of s?
2
Let r = 208 + -23. What are the prime factors of r?
5, 37
Let l(y) = 4*y**2